-2*c - z, 3*z = 3*c + v*z - 201. What is the units digit of c?
2
Suppose 98 = 4*w - 1570. What is the units digit of w?
7
Suppose -u + 6*u - s = -406, 0 = 4*u - 2*s + 320. Let z be -3 - (-1)/2*u. Let m = -25 - z. What is the units digit of m?
9
Let j = 1636 + -390. What is the hundreds digit of j?
2
Let r(f) = 3*f**2 + 21*f - 6. Let n(p) = p**2 + p. Let u(o) = -4*n(o) + r(o). What is the units digit of u(12)?
4
Suppose 778 = 17*p - 6974. What is the units digit of p?
6
Let v(o) = 26 + 4*o + 4*o**2 - o**3 - o**3 - 23. Suppose -5*x - 10 = -0*x, -3*r - 2*x - 10 = 0. What is the units digit of v(r)?
7
Let t(i) = -i**2 + 10*i + 11. Let w be t(11). Suppose c + 2*p - 62 = w, -4*c - p + 195 + 53 = 0. What is the tens digit of c?
6
Let o(d) = d + 5. Let v be o(-5). Suppose -2*l - 35 = -7*l + 5*u, v = -3*l - 5*u + 37. What is the units digit of l?
9
Suppose 3*z + 1108 = d, 0 = -d - 2*z - 204 + 1297. What is the hundreds digit of d?
0
Let s(f) = -3*f**2 - 22*f + 47. Let p be s(21). What is the tens digit of (p/88)/((-1)/4)?
7
Suppose 0 = 5*j + 21 + 29. What is the tens digit of (3 + -61)/(4/j)?
4
Let h be (-5)/(-15)*3 + 4. Suppose v - h*v + r = -276, 3*r = 3*v - 216. What is the tens digit of v?
6
Suppose 0 = -p + 3, 5*r - 40 = p - 6*p. Suppose -43 + 103 = r*z. Suppose -3*v = -6 - z. What is the units digit of v?
6
Suppose 3*a + 5*w = 601, 0 = -2*w + 11 - 1. Suppose -2*u - 204 = -k, 5*k + 4*u - a = 4*k. What is the hundreds digit of k?
2
Suppose -45 + 9 = 2*j + 4*n, -5*n = 4*j + 66. Let y = 19 + j. What is the tens digit of 358/12 - y/(-30)?
3
Let p be (-190)/(-50) - 8/10. Suppose v + p*v = 332. What is the tens digit of v?
8
Suppose 0 = -i - 3*i. Let t(k) = -k**2 + k + 3. Let v(l) = -l**3 + 5*l**2 - 5*l - 4. Let q(j) = 5*t(j) + v(j). What is the tens digit of q(i)?
1
Let s(u) = -4*u - 4. Let f be s(-3). Let r be 2/f - (-3)/(-12). Let w(i) = i**3 - i**2 - 2*i + 15. What is the units digit of w(r)?
5
Let s(g) = -g**3 + 17*g**2 - 24*g + 14. Let a be s(10). Suppose 0 = -8*f + 10*f - a. What is the units digit of f?
7
Suppose 13 + 42 = -5*y. Let w = y - -13. Suppose -w = 2*f - 32. What is the units digit of f?
5
Let n = -18 + 21. Suppose -n*h = -4*h + 57. Let z = -33 + h. What is the tens digit of z?
2
Suppose 5*n = -4*f + 39, 4*f - 3*n - 46 = -n. Let p = 82 + -57. Suppose p = -5*z, l + 5*z - f = -2*l. What is the tens digit of l?
1
Let f(k) be the third derivative of k**5/60 + k**4/4 - 5*k**3/3 + 8*k**2. What is the tens digit of f(-11)?
4
Let l(c) be the third derivative of c**7/1260 - c**6/48 + c**5/10 - c**4/8 + c**2. Let u(i) be the second derivative of l(i). What is the units digit of u(10)?
2
Suppose 2*b - 37 - 669 = -h, -353 = -b - 4*h. What is the hundreds digit of b?
3
Suppose 95*p - 104*p + 25326 = 0. What is the tens digit of p?
1
Suppose 0 = -4*y + 5*y - q - 3532, y - 3527 = 2*q. What is the hundreds digit of y?
5
Let f be -2*3/(-6)*-2. Let l(m) = -4*m**2 - 2*m + 12 + 16*m**2 - 13. What is the tens digit of l(f)?
5
Suppose -c = -8*c + 168. What is the tens digit of c?
2
Let g = -579 + 1393. What is the tens digit of g?
1
Let d be (9 + 67)*6/(-8). Let x be -3 + 99 + 2 + 1. Let r = d + x. What is the units digit of r?
2
Let w = 732 + -304. What is the hundreds digit of w?
4
Let u be (-5 - -7) + (2 - 1). Let r(v) = -v**2 + 3*v + 4. Let j be r(u). Suppose -j = n - 10. What is the units digit of n?
6
Suppose -f = -2, -4*q + 5*f - 138 = -5*q. What is the hundreds digit of q?
1
Let w = -743 - -1372. What is the tens digit of w?
2
Let q be 796*2*(-20)/(-32). Suppose -q = -11*r + 259. What is the hundreds digit of r?
1
Let l be (4/(-3))/(11/(-33)). Suppose -3*x = -14 - l. Let c(n) = n**2 - 4*n + 8. What is the tens digit of c(x)?
2
Suppose 0 = -b + 100 + 620. What is the hundreds digit of b?
7
Let l(w) = -14*w - 13. Let c(u) = u - 4. Let r be c(-3). What is the units digit of l(r)?
5
Let a(h) = -h**2 - 10*h - 16. Let l be a(-7). Suppose 266 + 24 = l*i. Suppose -4*q + k + 108 = 0, k - i = -4*q + 42. What is the units digit of q?
6
Suppose -12 = -4*v - 0. Let l = -14 + 16. Let d = l + v. What is the units digit of d?
5
Let k(t) = -t**2 + 7*t - 1. Let o(g) = g - 7. Let s be o(13). Let c be k(s). Suppose x + 4*z - 42 = 3*z, c*x = -3*z + 208. What is the tens digit of x?
4
Suppose 0 = -2*i - 4*x + 522, -x - 187 = -2*i + 340. What is the hundreds digit of i?
2
Let x = 622 + -630. Let o = 2 + -1. What is the tens digit of (-4)/x*o*36?
1
What is the units digit of ((-42)/8)/(841/(-168) + 5)?
2
Let g(b) = b**2 + 2*b - 6. Suppose 3*l - 1 = 17. Let q be g(l). Suppose -h - q = -3*h. What is the units digit of h?
1
Let d(l) = l**3 - 7*l**2 + 26*l - 114. What is the units digit of d(12)?
8
What is the tens digit of (-8 - (-124390)/90) + 1/(-9)?
7
Let a(r) be the third derivative of r**6/120 - r**5/10 + r**4/4 - 5*r**3/3 + r**2. Let q be a(7). Let j = q - 40. What is the units digit of j?
1
Suppose -13*n + 6091 + 3360 = 0. What is the units digit of n?
7
What is the thousands digit of ((-2)/3)/(((-14)/4665)/7)?
1
Let y(a) be the second derivative of 9*a**4/4 - a**3/2 + 13*a**2/2 + 31*a. What is the hundreds digit of y(-3)?
2
Suppose 31*r - 115072 = 10447. What is the tens digit of r?
4
Let w = 475 - 282. What is the units digit of w?
3
Suppose -3*n + n = -64. Suppose -6*j = -560 + n. What is the tens digit of j?
8
Let z be 3/(6/(-5))*-2. Suppose -s - 136 = -z*s. Suppose -5*u - s = -99. What is the tens digit of u?
1
What is the units digit of 2/(6/3) - (-87720)/34?
1
Let r = 4024 + -2150. What is the tens digit of r?
7
Let q(c) = -c**2 + 13*c - 11. Let g be q(12). Let v = -15 + g. Let h(a) = -a**2 - 19*a + 5. What is the tens digit of h(v)?
7
Let v be ((-5)/(-5))/(-1 - 0). Let b = -3 + -20. Let i = v - b. What is the units digit of i?
2
Let o(q) be the second derivative of 11*q**3/2 - 2*q**2 + 30*q - 1. Suppose 5*t - 3*p - 10 = -4*p, -p + 9 = 4*t. What is the tens digit of o(t)?
2
Let s(w) = 20*w**2 + 4*w + 16. What is the units digit of s(-5)?
6
Suppose n - 29 = 10*x - 9*x, -4*n + 120 = -5*x. Suppose -4*l - n + 609 = -4*r, 3*l + 3*r - 408 = 0. What is the hundreds digit of l?
1
Let a(y) = -y + 60. Let b = 25 - 25. What is the tens digit of a(b)?
6
Suppose 0*t - 3*t - 9 = 0. Let s(r) = r**3 + 3*r**2 - 2*r - 3. What is the units digit of s(t)?
3
Suppose 0 = -3*i + j + 8849, 0*j = -2*i + j + 5898. What is the hundreds digit of i?
9
Let v(g) be the first derivative of g**4/2 - g**3 + g**2/2 - 2*g + 3. Let n be v(2). Let a = 16 - n. What is the units digit of a?
2
Suppose -2*f = 5*r - 11, -3*f + 5*r + 4 = -0*f. Suppose -2*v = -s + 39, f*v - 75 = -2*s + 6*v. What is the tens digit of s?
3
Suppose -15 = 3*v - 0*v, -511 = -4*i - v. Suppose 2*o - 63 = x, -2*o + 3*x = 2*o - i. What is the tens digit of o?
3
Let l = 34 - 29. Let v(y) = 4*y**2 - 9*y + 7. Let f be v(l). Suppose -20 = -2*x + f. What is the tens digit of x?
4
Suppose 5*d + 21 = -2*p, -29 = 5*d + p - 11. Let u = d + 8. Suppose -l = 3*b - 95, -185 = -0*b - u*b + 5*l. What is the units digit of b?
3
Let z(n) = n**3 - 5*n**2 - 3*n + 6. Suppose -2*y + 8*y = 18. Suppose -2*r + 18 = -y*u, -3*r - 2*u + 0*u = -14. What is the units digit of z(r)?
4
What is the tens digit of ((-11008)/(-12))/4*3?
8
What is the tens digit of 18866/7 + ((-80)/(-70))/(-8)?
9
Suppose -2*h + 260 = 3*h. Let w = h + -82. Let a = w + 73. What is the units digit of a?
3
Let l(p) = 739*p - 321. What is the hundreds digit of l(3)?
8
What is the hundreds digit of 712/(-20)*(-11 + -9)?
7
What is the tens digit of 1043 + 5/15*-3?
4
Suppose -291 = -4*l + 105. Suppose -l = 4*j - 7*j. What is the units digit of j?
3
Suppose 2*v + 5*n = -v + 25, 5*n + 5 = 3*v. Suppose 78 = -v*t - t. Let p(a) = -a**3 - 12*a**2 + 7*a - 17. What is the tens digit of p(t)?
6
Let c(m) = 32 + 4*m + m - 35 - 2*m**2 - m**2 + 8*m**3. What is the units digit of c(2)?
9
Let h(r) = 8*r + 2*r**2 - r - 4*r**2 - 26*r. What is the tens digit of h(-8)?
2
What is the thousands digit of (-144)/(-36)*7508/(-32)*-2?
1
Let y(w) = w**3 - w**2 + w - 1. Let g(o) be the first derivative of -3*o**4/4 + 4*o**3 - 5*o + 8. Let v(z) = -g(z) - 4*y(z). What is the units digit of v(-8)?
1
Suppose 0 = -5*u + k + 5039, 0 - 4 = k. What is the hundreds digit of u?
0
Suppose p + 3*d + 2 + 5 = 0, 3*p + 3*d = -3